st common factor of n and 1?
1
Let h(t) = -2*t**2. Let c be h(-2). Let z(k) = k**3 + 2*k**2 - 3*k + 4. Let a be z(-3). Let m be 55/a - 2/c. Calculate the highest common divisor of m and 7.
7
Let d = 169 + -52. What is the highest common factor of 13 and d?
13
Let c be (-82)/(-7) + (-2)/(-7). Let f(d) = -d**2 + 4*d - 3. Let o be f(5). Let a = c + o. What is the greatest common divisor of 10 and a?
2
Suppose 0 = 2*a + 5*t - 9, 0 = -a + 2*t - 3*t + 6. What is the greatest common factor of a and 21?
7
Suppose -3*k - 5*x + x = -136, 0 = -4*k + 5*x + 233. Calculate the highest common factor of 39 and k.
13
Suppose -344 - 118 = -11*y. Calculate the highest common factor of y and 18.
6
Suppose 5*o - 5*u + 1 + 4 = 0, 26 = 2*o + 5*u. Let f = 4 - 2. Suppose -f*l - q = -11, 3 + 2 = 5*l - 2*q. Calculate the highest common divisor of o and l.
3
Let a be 0 + (7 - 3) + 1. Suppose -102 = -7*g + a*g. Calculate the highest common divisor of g and 34.
17
Let v be -1 - (2 - 1 - -2). Let c be v/2 - -43 - 1. Calculate the greatest common factor of c and 5.
5
Suppose 2*s - 281 = -s - 4*k, 0 = 4*s - 4*k - 384. What is the greatest common factor of 38 and s?
19
Let b = 14 - 0. Let v be (-2)/(-3) - (-410)/15. What is the greatest common factor of b and v?
14
Suppose -2*t - 5 = 1, 3*u + 3*t - 6 = 0. Suppose -u*f = c - 5, 3*c = 5*c - 5*f - 25. Calculate the highest common divisor of c and 30.
10
Let g = -29 + 37. What is the greatest common factor of g and 1?
1
Let c(n) = n**3 - 9*n**2 - n + 11. Let d be c(9). Suppose 40 = 2*m - 5*z + z, -d*m + 13 = 5*z. Calculate the greatest common factor of 14 and m.
14
Let g = 17 + -7. Let i = -5 + g. Let s = 27 - -8. Calculate the greatest common divisor of i and s.
5
Let s(q) = -64*q - 2. Let u be s(-2). Let r be 9/(-45) - 71/(-5). Calculate the highest common factor of r and u.
14
Suppose 45 + 60 = 5*j. Suppose 2*h - 105 = h + 4*o, h + o - 105 = 0. What is the highest common divisor of j and h?
21
Suppose 2*p + 3*p - 15 = 0. Suppose -36 = -p*b + 3*l, -2*b + 3*l = -5*b + 12. Calculate the highest common factor of 72 and b.
8
Suppose 0 = 3*f - 0*f - 363. Calculate the highest common factor of 11 and f.
11
Let r be (23/2)/((-9)/(-18)). Let c = -18 + 3. Let o = c + r. Calculate the highest common factor of o and 56.
8
Suppose -3*z = -3*d + 5*d - 51, -5*z + 4*d = -85. Calculate the highest common divisor of z and 153.
17
Let h = -4 - -6. Let w(o) = 6 - 1 + 0*o**h - 3*o**2 + o**3. Let x be w(4). What is the greatest common factor of 7 and x?
7
Let l = -12 + 17. Let d(p) = 3*p + 7. Let h be d(l). Let a be (-24 - -13)/((-2)/2). Calculate the greatest common factor of h and a.
11
Let b = -108 - -146. Calculate the highest common factor of b and 57.
19
Let h = 0 - -1. Suppose x = -h + 2. Let t(g) = 5*g - 6. Let z be t(3). What is the greatest common factor of x and z?
1
Let l be (-8)/(-2) - (-6)/(-3). Let s be (8/6)/(l/36). Let c be -16*(-1 - (-1 - -1)). Calculate the highest common factor of c and s.
8
Let g = -8 - -15. Calculate the greatest common factor of g and 35.
7
Suppose -3*v + 45 = j, 325 = 2*j + 3*j - 5*v. Let y be -1*7/(14/(-24)). Calculate the highest common divisor of y and j.
12
Let t be 0 + -1 - (15 + 0). Let v = -14 - t. Calculate the greatest common divisor of v and 2.
2
Let g = 4 + -1. Let y = 47 + -26. Calculate the greatest common factor of g and y.
3
Let l(g) = 3*g + 9. Suppose -16 = -4*c - 0. Let f be l(c). Let r be (-255)/(-6) + (-1)/2. What is the greatest common factor of r and f?
21
Let w(f) = -f + 9. Let d be w(5). Suppose 5 = b + g - 6, -d*b = g - 41. Calculate the greatest common factor of b and 10.
10
Suppose -11 = -4*x + 9. What is the greatest common divisor of x and 25?
5
Let i(w) = w**3 + 7*w**2 - 15. Let p be i(-5). Calculate the highest common factor of p and 7.
7
Suppose 4*v + 50 = 5*v. Calculate the greatest common factor of v and 10.
10
Suppose 0*u - 14 = 4*i - 2*u, -3*i + 4*u = 13. Let x be 2 - i/((-9)/(-372)). Calculate the greatest common divisor of x and 14.
14
Suppose -23 + 8 = -3*r. Suppose 0*v = r*v - 80. Let j(q) = -q**2 + 4*q + 7. Let w be j(5). What is the greatest common factor of w and v?
2
Let x = 7 + -7. Suppose -2*a - 4*p + 7 = -19, x = 2*p. Suppose 0 = 3*z - 17 - a. Calculate the greatest common factor of z and 25.
5
Suppose -3*p = g - 16, 0*g + 5 = -5*g + 2*p. Calculate the highest common factor of 9 and g.
1
Let v(a) = -a**3 + 4*a**2 - a + 2. Let l be v(4). Suppose 4*t + 24 = -16. Let s = l - t. Calculate the greatest common factor of s and 88.
8
Let w(j) = 2*j + 38. Let n be w(-13). Calculate the highest common divisor of n and 12.
12
Let r be (0/(-3))/(-1) + -6. Let j be (-70)/r - (-6)/18. Calculate the highest common factor of 60 and j.
12
Suppose 1 = 4*z + 2*i - 1, 4*z - 7 = 3*i. Suppose -z = -4*w + 7. Let a = -10 + 12. What is the highest common factor of a and w?
2
Let z(a) = 19*a**3 + 10*a - 9. Let c be z(1). Let m = 447 + -287. What is the highest common divisor of m and c?
20
Let h = 3 - 4. Let y be 3*(h + (-5)/(-3)). Suppose 0 = y*v - 24 - 60. What is the highest common factor of 14 and v?
14
Let m(j) = j**3 - j**2 + 1. Let n be m(2). Suppose 0*p + 21 = 2*p - n*k, 0 = -2*p - 5*k + 11. What is the highest common factor of 56 and p?
8
Let g(t) = 12*t**2 + 3*t + 2. Let i be g(3). Let j be (1 - -16) + 0/(-2). What is the greatest common factor of j and i?
17
Suppose 0 = -3*i + 18 - 3. What is the highest common factor of 25 and i?
5
Let g = 23 + 3. Suppose -43 - g = -x - 3*j, 345 = 5*x + j. Calculate the highest common divisor of x and 46.
23
Suppose 4*n - 6*a = -a + 44, -2*n + 5*a = -32. What is the highest common factor of 3 and n?
3
Suppose 0*i - i = -2. Suppose -25 = -i*c + p, -1 = -p - 2. Calculate the highest common factor of c and 30.
6
Let s be (-2 - 0 - 2)*-2. Let a be (-9)/(-6)*(-352)/(-6). What is the highest common factor of s and a?
8
Let h be 20/5*69/6. Calculate the highest common factor of 115 and h.
23
Suppose 2*v + 4*r - 22 = 0, v + 4*v - 2*r - 79 = 0. Suppose -4*b + 6 = -b. Suppose -18 = -4*p + b. What is the highest common divisor of v and p?
5
Suppose 6*z - 195 = z. Let l = 2 - -1. Let s be 1/l + 76/6. What is the highest common divisor of s and z?
13
Let r(o) = -o**2 + 6*o + 4. Let n = 9 - 3. Let j be r(n). Let f = 29 + -5. What is the greatest common factor of j and f?
4
Let a(j) = -j + 14. Suppose -l + 0*l = 0. Let i be a(l). Calculate the greatest common divisor of 70 and i.
14
Let h(s) = s**3 - 6*s**2 - 5*s - 5. Let g be h(7). What is the highest common divisor of 63 and g?
9
Let n be (2/(-3))/(4/(-6)). Let t be (-9)/(n/(-10)*3). Calculate the greatest common factor of 6 and t.
6
Let o(z) = -z - 2. Let q be o(-4). Suppose 0 = -4*a + f - 0*f + 217, q*f + 49 = a. What is the highest common factor of a and 5?
5
Let y(n) = -456*n - 2. Let b be y(5). Let m be 2/(-3) + b/(-21). Calculate the highest common divisor of m and 18.
18
Suppose -m + 3 = -5. What is the greatest common divisor of 24 and m?
8
Let u(r) be the third derivative of -r**6/20 - r**5/30 + r**3/6 - 2*r**2. Let d be u(-1). Calculate the greatest common divisor of d and 10.
5
Suppose -4*c + c = -24. Let m(k) = 4*k. Let g be m(8). What is the highest common divisor of g and c?
8
Let k(f) = -10*f**3 + f**2 + f. Let z be k(-2). Suppose 0 = 2*d - 3*n - z, 5*d - 2*d + 2*n - 97 = 0. Calculate the highest common factor of 5 and d.
5
Let j be (1/2)/((-4)/(-1496)). Let q = j - 115. What is the highest common divisor of q and 9?
9
Suppose -24 = -3*u - q + 30, -2*q - 54 = -3*u. Calculate the highest common factor of u and 27.
9
Let s be (-16)/(-5) + 6/(-30). Let q = 2 + -2. Suppose -b + 18 = 3*y, 2*b - 50 = -q*b + y. What is the greatest common divisor of b and s?
3
Let a = 548 - 303. Calculate the greatest common factor of a and 49.
49
Suppose -8*g = -4*g + 12. Let w be 1/g + (-222)/(-18). What is the highest common factor of w and 60?
12
Let d(v) = 5*v - 4. Let o be d(-4). Let c = o - -34. What is the highest common factor of c and 5?
5
Suppose -4*b - 2*y - 12 = -0*b, 2*b = 3*y - 14. Let n be 1/b + 290/8. What is the highest common divisor of 24 and n?
12
Suppose -p - 1 = -3*x, -x + 2*x + 13 = 3*p. Suppose p*k - 144 = -2*v, 2*v + 96 = k + 2*k. What is the greatest common factor of k and 45?
15
Supp